
What are the prime factors of (-3 + (-32)/(-12))/(263/264 + -1)?
2, 11
Let g = 8663 + -422. What are the prime factors of g?
3, 41, 67
Suppose -a + 2 = 0, 4*y + 3*a + 8969 - 2463 = 0. Let c = y - -2653. List the prime factors of c.
5, 41
Suppose 2*a + i - 6 = 0, -4*i + 0*i + 15 = 5*a. Suppose 0 = -h - a*m + 307, 0*m = -2*h + 2*m + 622. What are the prime factors of h?
2, 5, 31
Let i = -186 + 188. List the prime factors of ((-81)/i)/((1 + 5)/(-84)).
3, 7
Let w = -105 + 162. Suppose -w*o + 63*o - 1950 = 0. List the prime factors of o.
5, 13
Suppose -4*k = j - 1810 - 435, 5*k = j - 2245. List the prime factors of j.
5, 449
Suppose 0 = 9*d - 19*d + 350030. Suppose -d = -37*j - 4885. What are the prime factors of j?
2, 11, 37
Suppose -4*a + w + 4 = -5*a, 0 = -a - 4*w - 16. Suppose -5*o - z - 170 = -2*z, a = 3*z - 15. Let x = o + 129. List the prime factors of x.
2, 3
Suppose 25*q - 371142 - 413533 = 0. Suppose -41868 - q = -49*o. What are the prime factors of o?
5, 13, 23
Suppose 132784 = -14*u + 7*u + 23*u. List the prime factors of u.
43, 193
Let x(w) = -35*w**3 - 5*w**2 + 7*w - 14. Let u be x(3). Let i = -518 - u. What are the prime factors of i?
3, 5, 31
Suppose -5*d + 33 = 43. What are the prime factors of (-99)/(-27)*1 - d/(-3)?
3
Let w = 2999 - 1342. Let l = w + -990. List the prime factors of l.
23, 29
Suppose -26*n + 17*n - 24*n + 1052997 = 0. List the prime factors of n.
17, 1877
Suppose 5*j = -5*g + 1880, 0 = 2*j + 3*j + 2*g - 1880. Let w = j - 176. What are the prime factors of w?
2, 5
What are the prime factors of (785/(-10))/(17/(-340))?
2, 5, 157
Let f = 24907 - 10140. List the prime factors of f.
14767
Suppose 49*s = 52*s + b - 2620, -5*s + 4*b = -4378. List the prime factors of s.
2, 19, 23
Let k = 20939 - 18022. What are the prime factors of k?
2917
Suppose 38*w = 7*w - 31. Let p(a) = -159*a + 7. List the prime factors of p(w).
2, 83
List the prime factors of 2 - 31366/(184/(-161) + 1/7).
2, 3, 1307
Let l = -149 - -152. List the prime factors of (-5934)/(-45)*l + (-4)/(-10).
2, 3, 11
Suppose 0 = -2*m - 5*u + 13643, 20368 + 81 = 3*m - 8*u. What are the prime factors of m?
3, 2273
Suppose -3*v + 5*q + 334 = 0, -350 = -3*v - 4*q + 5*q. What are the prime factors of (42/(-6))/((-2)/v)?
7, 59
List the prime factors of (18 - (-1113)/(-63))*55254.
2, 9209
Let v = 74 - 110. Let g = v - -49. List the prime factors of (g/4)/(3/36).
3, 13
Suppose 4*t - j + 7 = 5, -2*j = -5*t - 4. Suppose -2*v = 5*c - 800, t = v + c - 331 - 66. List the prime factors of v.
5, 79
Let q(a) = 8*a + 48. Let b be q(-2). Suppose -17*w - 2115 = -b*w. List the prime factors of w.
3, 47
List the prime factors of (1 + -1)*1 + 2 - (-6 - 64618).
2, 3, 10771
Let f = 102 - 31. Suppose 0 = 3*o - f - 22. Let j = 139 - o. List the prime factors of j.
2, 3
Suppose -2*f + 4 = 2*s, 3*s - 14 = 3*f - 8. Suppose -11*r + 1356 - 201 = f. List the prime factors of r.
3, 5, 7
Suppose 2*w - 10*w - 808 = 0. Let k = 100 + w. List the prime factors of (-147)/k - (-10)/(-2).
2, 71
Let i be ((-8)/((-64)/(-148)))/((-2)/(-4)). Let c = i + 40. List the prime factors of (4/(-10))/(c/(-1065)).
2, 71
Let m = -10785 - -10906. Let k be (-4)/(-14) + 634/(-14). Let p = k + m. List the prime factors of p.
2, 19
Let o(w) be the second derivative of 0 - 2*w + 41/2*w**2 + 1/2*w**3. What are the prime factors of o(19)?
2, 7
Suppose 193 - 975 = -2*r. Suppose -3*k - 4*m - 654 - r = 0, 4*m = -4. Let d = 652 + k. What are the prime factors of d?
5, 61
Let f be (-1)/(-2) + 3/(-12)*-22. List the prime factors of 503 + (-36)/f + 3.
2, 5
Suppose -4*k - 2397 = 5*f, 3*k = 4*f + k + 1928. Let y = -66 - f. What are the prime factors of y?
5, 83
Let w be (-45)/(-6)*(-4)/30*-6. Suppose -2662 = -w*o + 1880. List the prime factors of o.
757
Suppose 2*g + 4*q - 20376 = 0, -g = -5*q - 4709 - 5493. List the prime factors of g.
2, 7, 13
Let f(z) = 10*z**3 - 21*z**2 + 47*z - 38. List the prime factors of f(6).
2, 103
Suppose -10*b + 144 = 34. Suppose -12*v = -b*v - 834. What are the prime factors of v?
2, 3, 139
Let j be (-1 + 0 - -1)/((-4)/4). Suppose -5*y - 650 - 365 = j. Let l = y - -312. What are the prime factors of l?
109
Suppose -22*f = -26*f - 64. List the prime factors of 4*(864/14 - f/56).
2, 31
Suppose 0 = -485*i + 498*i - 199446. What are the prime factors of i?
2, 3, 2557
Suppose -2*r + 3*r = 26. Let y = 26 - r. Suppose 5*d - 507 + 147 = y. List the prime factors of d.
2, 3
Let q be -12 + 4 + (0 - 2). List the prime factors of q/3*(-834)/4.
5, 139
Suppose 3*r - 7168 = -a, 5*a - 635 - 1773 = -r. What are the prime factors of r?
2, 3, 199
Let v be ((-7)/21)/(2/8)*-3. Suppose 4*c = -v*n - 8, 4*n + n + c + 10 = 0. What are the prime factors of (-3)/(n/(-44)*-2)?
3, 11
Suppose -606*a - 3*z = -604*a - 71538, -71562 = -2*a + z. List the prime factors of a.
2, 3, 67, 89
List the prime factors of (-28)/6*((-102)/14 + 6) - -53037.
3, 17681
Let d(c) = 2*c**2 - 13*c + 11. Let f be d(8). Suppose 369 = -2*o + f. Let w = -100 - o. What are the prime factors of w?
67
Suppose -26*o + 45014 = -66162. What are the prime factors of o?
2, 1069
Let u(c) = c**3 + 37*c**2 - 11*c - 26. Let i be u(-37). Let q = 145 + i. What are the prime factors of q?
2, 263
Let g(t) = -t**2 + 18*t - 3. Let w be g(17). Suppose -w*i + 2*m + 1906 = -12*i, 0 = -i - 5*m + 947. List the prime factors of i.
2, 7, 17
Suppose 15 = -6*q + 27. Suppose 4*t + 4*j = -16, q*t = 6*t - 3*j - 12. Let u(f) = 2*f**2 - 2*f + 50. What are the prime factors of u(t)?
2, 5
Suppose 5*p + 23285 = 5*r, 3*r + 3*p - 7747 = 6248. What are the prime factors of r?
59, 79
Suppose 1591623 = 104*m - 5*m. What are the prime factors of m?
3, 23, 233
Suppose 15*j = 13*j + 1878. Let c = j + -459. What are the prime factors of c?
2, 3, 5
Suppose 2*l + 643 = -3*s - 3097, 2*s - 3730 = 2*l. Let b = l + 2764. What are the prime factors of b?
3, 13, 23
Let v = -29 + 37. Suppose 0 = -2*x - h + 10, -5*x + 2*h + v = 1. Let n(l) = 4*l**3 - l**2 - 2*l - 4. What are the prime factors of n(x)?
89
Let m be (-1)/4 + 64785/20 + 1. Suppose 11*c - c = m. What are the prime factors of c?
2, 3
Suppose -31 = 9*z - 14*z - 3*s, z + 3*s - 11 = 0. Let y(n) = 35*n - 64. List the prime factors of y(z).
3, 37
Let g be (2/(-16))/((-6)/240). Suppose 9 = 5*l - 1, -2*l - 4191 = -g*s. List the prime factors of s.
839
Let y be (-1100)/99*-3*6*9. Suppose 23*n = 13*n + y. List the prime factors of n.
2, 3, 5
Let f = 222 + -148. Suppose -5*u + 3*u = -f. Suppose -7*p = u - 646. List the prime factors of p.
3, 29
What are the prime factors of 20/(-8) - (175595/(-10) - -3)?
2, 67, 131
Suppose 0 = i - 0*i - 2*k - 12, -2*i - 4*k - 16 = 0. Suppose 0 = 7*q - i - 19. Suppose -q*m + 446 = 4*l - 213, l = 5*m - 1129. What are the prime factors of m?
3, 5
Suppose -s + 3*q = -18246, -5*s + q - 20777 = -112077. What are the prime factors of s?
3, 2029
Suppose p = 4*y + 6*p - 28, 0 = 2*y + 3*p - 16. Suppose -20 = -y*w - 18. List the prime factors of w + (-160)/(25/(-5)).
3, 11
Suppose 0 = 11*a + 16*a - 162. Let z(r) be the second derivative of r**5/10 - r**4/2 + r**3/2 - 26*r**2 + 5*r. What are the prime factors of z(a)?
2, 7, 13
Let u(v) be the second derivative of 3*v**5/5 - 7*v**3/6 + 4*v**2 + 19*v. Let l be u(3). Suppose 5*q = 1496 - l. List the prime factors of q.
3, 79
Suppose -322 - 2209 = 4*y - 3*k, 0 = -y + 2*k - 639. Let x = 977 + y. List the prime factors of x.
2, 3, 29
Let u = -8 - -44. Suppose w + 7 - u = 0. Suppose -5*l + 0*v + 205 = -3*v, -3*v - w = -l. What are the prime factors of l?
2, 11
Suppose -5*n + 4*n = 0. Suppose -2*o - 4 + 8 = n. Suppose -2*l = -o*x + 90, 2*x + l = -3*l + 108. What are the prime factors of x?
2, 3
Suppose 0 = -2*v - 5*x + 112212, 3*x = -35 + 17. What are the prime factors of v?
3, 13, 1439
Suppose 0 = 3*a - 5*u - 46, -4*a + 4*u = -0*u - 64. Let y = a - -107. Let d = 222 - y. What are the prime factors of d?
2, 7
Let x be (-58)/(-12) + -3 + 1/6. Let d be (x - -2)/2 + (-2)/(-1). Suppose -d*q + q = -195. List the prime factors of q.
5, 13
Let g(s) = 956*s**2 + 38*s - 236. What are the prime factors of g(6)?
2, 11, 17, 23
Let x = 635 + -254. Let f be (-910)/4 - 2/4. Let i = f + x. What are the prime factors of i?
3, 17
Let v be (24/42 - 38/(-7)) + -5. What are the prime factors of (v - 687/(-18)) + (